et b(t) = -t**3 + 3*t**2 + 5*t - 4. Let u be b(6). Let w = u + 139. List the prime factors of w.
3, 19
Suppose -3570 = t + 9*t. Let g = t + 555. What are the prime factors of g?
2, 3, 11
Let u(t) = t - 19. Let w be u(5). Let j = w + 121. What are the prime factors of j?
107
Let a be ((-1060)/5)/2*(-2)/4. Suppose 4*o + 5*y = a, -3*o - 2*o + 4*y = -56. What are the prime factors of o?
2, 3
Suppose -125*n + 6155 = 5*k - 122*n, 2*n - 1238 = -k. What are the prime factors of k?
2, 307
Let b(l) be the third derivative of -l**6/120 + 7*l**5/60 + 5*l**4/12 - 7*l**3/2 - 6*l**2. List the prime factors of b(6).
3, 5
Let i be -3*-3*(-22)/6. Let f = i - -96. What are the prime factors of f?
3, 7
Let s = 9 - 29. List the prime factors of 7/1 - (s + 21).
2, 3
Let z = 1307 + -177. What are the prime factors of z?
2, 5, 113
Suppose -4*k + 28 = 3*k. Let n = 12 - -13. Suppose -k*i + n = i. List the prime factors of i.
5
Let r(d) = -d**2 + 6*d + 1. Let n(t) = -t**2 - t. Let x(z) = -4*n(z) - r(z). Let g(o) = o**2 + 4*o - 14. Let j be g(-6). What are the prime factors of x(j)?
23
Let g = 9 - 9. Suppose 0 = -4*z - g*z + 212. List the prime factors of z.
53
Suppose 18*v = 19*v - 4. Suppose 4*c - 24 = v*h - 2*h, -5*c + 8 = 3*h. Suppose 2*a - a + c = y, -3*a = 5*y - 4. What are the prime factors of y?
2
Suppose -s + 470 = s - 4*d, -5*s - 5*d = -1175. List the prime factors of s.
5, 47
Let a(l) = 5*l**2 + 4*l + 9. Let c be a(-6). Suppose c = 3*y + 2*y. List the prime factors of y.
3, 11
Let g(w) = -2*w**3 - 8*w**2 - 2*w - 14. Let j be g(-6). What are the prime factors of j*(3 - 10/4)?
71
Let k(m) = 127*m**2 + 2*m - 1. Suppose -3*u + 8 - 5 = 0. Let r be k(u). Suppose 2*g - 5*g = -h + 22, r = 4*h - 2*g. List the prime factors of h.
2, 17
Suppose n - 3*n + 640 = 0. Suppose -9*m = -4*m - n. What are the prime factors of m?
2
Suppose 0*x + 10 = 5*x. Suppose 0 = -3*d + 3*p + 2*p + 37, 0 = x*d - 3*p - 23. Suppose -l - 57 = -d*l. List the prime factors of l.
19
Suppose -4*i - 2*i + 12 = 0. Suppose 68 = 3*y + 5*a, y - i*y - 3*a = -20. List the prime factors of y.
2, 13
Let o(h) = h**2 + 3*h - 4. Suppose i = 6*i + 5*s - 5, -3*s = -12. Let u be o(i). Let v(q) = -3*q - 6. What are the prime factors of v(u)?
2, 3
Suppose 583 + 147 = 10*c. What are the prime factors of c?
73
Let h(p) be the third derivative of p**5/60 + 5*p**4/24 - 4*p**3/3 + 14*p**2. Suppose -4*j - 34 + 2 = 0. List the prime factors of h(j).
2
Suppose 4161 + 977 = 7*c. List the prime factors of c.
2, 367
Let k(v) = 37*v**2 - v. Let l be k(-2). Suppose -l = h - 7*h. What are the prime factors of h?
5
Suppose 0 = -2*k - 15 - 41. Let r = 112 + k. What are the prime factors of r?
2, 3, 7
Let c(h) be the third derivative of -7*h**4/24 + h**3/6 - 8*h**2. What are the prime factors of c(-2)?
3, 5
Let a be ((-9)/(-27))/(2/18). Suppose 0 + 81 = a*c. Let o = 47 - c. List the prime factors of o.
2, 5
Suppose 5*t = -4*v - v + 20, 4 = v - 3*t. Suppose f + v = 49. What are the prime factors of f?
3, 5
Let j = 14 + -9. Suppose 2*u - 5 = -3*y + 18, j*u = -3*y + 35. Suppose -y*g - 5*s + 136 = -4*s, 32 = g - s. What are the prime factors of g?
2, 7
Let d(o) be the third derivative of o**5/30 - o**4/8 + 11*o**3/6 - 8*o**2. Let n be d(7). Suppose -280 = -4*j - n. List the prime factors of j.
2, 3
Let t be -7 + 11 - (-1 - -1). Suppose t*y - 4 = 0, -112 - 19 = -4*d + 5*y. What are the prime factors of d?
2, 17
Let v be -2 - (1 - 2)*4. Let k = -127 - -128. Suppose -2*x - k = v*a - 27, -3*a - 81 = -5*x. List the prime factors of x.
3, 5
Suppose -20 = -0*j + 3*j + k, -4*j - 3*k = 25. Let z be 0 + 0 + 18 + j. List the prime factors of 2/z - 326/(-22).
3, 5
Let k = 2443 + 679. What are the prime factors of k?
2, 7, 223
Let m = 1221 - 703. List the prime factors of m.
2, 7, 37
Suppose 14*q - 11*q - 6 = 0. Suppose 2*b + q*b = 72. List the prime factors of b.
2, 3
Let a(d) be the second derivative of d**3/2 - 9*d**2/2 + 10*d. Suppose -s - s - 38 = -5*v, 2*s + 8 = 0. List the prime factors of a(v).
3
Let x(a) = -4*a**2 + 18*a - 9. Let i(s) = -5*s**2 + 19*s - 8. Let q(p) = 5*i(p) - 6*x(p). List the prime factors of q(-11).
2, 3
Suppose 11*t - 22584 = -5017. List the prime factors of t.
1597
What are the prime factors of 21915/24 + (1 - (-36)/(-32))?
11, 83
Let j(u) = u**2 + 4*u + 7. Let x be j(-3). List the prime factors of x/((-8)/(-11))*4/1.
2, 11
Suppose 20*g = 27112 + 1588. List the prime factors of g.
5, 7, 41
Let w be 2384*(-20)/(-72) + 4/(-18). Let m = w - 385. List the prime factors of m.
277
Let z(o) = o**3 - 10*o**2 - 16*o + 11. Let l(r) = r**3 + 5*r**2 - 16*r - 3. Let p be l(-7). Let q be z(p). List the prime factors of ((-35)/28)/(1/q).
5, 11
Let u(f) = -2*f - 16. Let o be u(-8). Suppose -x = -j - 12 + 43, 2*x + 5*j + 41 = o. List the prime factors of (-5 - -1 - -3)*x.
2, 7
Let w(a) = -a**2 - 36*a - 140. List the prime factors of w(-19).
3, 61
Let i(x) = 2*x**3 - 6*x**2 - 4 + 2*x**2 + 3*x - 2*x**2. Let g be i(4). Let a = g - 14. What are the prime factors of a?
2, 13
What are the prime factors of (69/9 - 8)/((-2)/9114)?
7, 31
Suppose -7*s = -8*s + 335. Suppose -s = -8*v + 3*v + 5*k, k - 149 = -2*v. List the prime factors of v.
2, 3
Let d be 2/15 - (-244)/(-30). Let x = 11 + d. List the prime factors of x.
3
Let u(c) = 12*c - 5. Let n be u(14). Suppose 0 = -5*h + 42 + n. Suppose -2*i + 23 + h = 0. What are the prime factors of i?
2
Suppose 0 = 4*z - 6*z + 34. Let c(o) = o - 18. Let k be c(z). What are the prime factors of -2 - 36/k - 1?
3, 11
List the prime factors of (12801/(-68))/((-2)/((-24)/(-3))).
3, 251
Suppose -8 = q - 3*q + x, -3*x - 3 = q. What are the prime factors of -62*(7/(-2) + q)?
31
Suppose -5*g = -10, 4*g - 177 = -5*d + 106. What are the prime factors of d?
5, 11
Let m be (-83)/(-2) + 9/(-6). Let u = m - 30. List the prime factors of u.
2, 5
Suppose -12*o + 1677 = 57. Let z = -89 + o. List the prime factors of z.
2, 23
Let p(w) = 7*w**2 + 26*w - 50. List the prime factors of p(7).
5, 19
Let n be -1 + 1*(-4 - -2). Let z = -50 - -45. What are the prime factors of z*(-3 + -7 + n)?
5, 13
Let s(o) be the first derivative of -o**3/3 + 5*o**2 - 17*o - 10. Let q be s(6). Suppose 0 = -q*x + 6*x + 13. List the prime factors of x.
13
Suppose 0 = -13*y + 4*y. Suppose y = -4*f - p + 216, -f + 35 = 7*p - 2*p. What are the prime factors of f?
5, 11
Let g(v) = -37*v - 5. Let p(w) = -w**2 + 9*w - 2. Let k be p(9). Let o be g(k). Suppose 5*a = 2*y + 57, 0 = 5*a + 5*y - 4*y - o. List the prime factors of a.
13
Let k be -3*(-2)/(3 + -1). Let l(v) = 1 + 2*v + 27*v**k - 2 - v. List the prime factors of l(1).
3
Let w = 353 + 273. List the prime factors of w.
2, 313
Let z be 3480/(-9) + (-1)/3. Let u = z + 587. List the prime factors of u.
2, 5
Let d(r) = -6*r + 137. List the prime factors of d(-9).
191
Suppose b + 4*b - 9 = -r, 4*b = 3*r - 8. Suppose o = -2*y + 118, 5*y - r*o - 76 = 193. List the prime factors of y.
3, 19
Let i(p) = -p**2 + 16*p - 4. Let d be i(13). List the prime factors of d*1*(-54)/(-21).
2, 3, 5
Suppose 0 = z - 0*z + 1. Let s = 18 - z. What are the prime factors of s?
19
Let j(c) = -2*c**2 - 21*c + 16. Let g be j(-11). Suppose 2*f - 410 = -4*t, 104 = -g*t - 3*f + 616. What are the prime factors of t?
103
Let w(q) = 64*q + 7 - 59*q + 7*q**2 + 3*q**2. Let d be w(-3). Suppose -d - 58 = -4*a. List the prime factors of a.
5, 7
Suppose 0 = 8*p - 4*p - 4. Let q = -244 + 240. List the prime factors of ((-21)/14)/(p/q).
2, 3
Suppose 6756 = 16*n - 4*n. What are the prime factors of n?
563
Suppose -3*f + 2*o + 1 + 3 = 0, 2*f + o = -2. Let r = f + 4. Suppose 0 = r*h - 8*h + 96. List the prime factors of h.
2, 3
List the prime factors of 27/(-108) + (-14010)/(-8).
17, 103
Let n be 25/4 - (-3)/(-12). Let b(i) = -9*i - n + i**2 - 1 - 3. What are the prime factors of b(11)?
2, 3
Let x(i) = -10*i - 4 + 3*i**3 - 2*i**3 - 5 + 2*i + 7*i**2. Let n be x(-8). Let g(d) = -d**3 - 9*d**2 - 2*d - 9. What are the prime factors of g(n)?
3
Let c = 86 - 142. Let p = c - -318. List the prime factors of p.
2, 131
Let r be -1 + 0 - (-160)/5. List the prime factors of 9/(-18) - r/(-2).
3, 5
List the prime factors of 2 + 334 + (-25)/(-5).
11, 31
Let n(v) = 2108*v**2 + v + 4. List the prime factors of n(-1).
2111
Suppose -3*p = -3*k, -k + 1 = -2*p + 2*k